{"id":1200,"date":"2023-09-12T14:49:49","date_gmt":"2023-09-12T12:49:49","guid":{"rendered":"https:\/\/xeca.a.vaia.cloud\/?post_type=referens&#038;p=1200"},"modified":"2023-11-21T14:11:44","modified_gmt":"2023-11-21T13:11:44","slug":"smarter-and-safer-transports-for-alo","status":"publish","type":"referens","link":"https:\/\/tegsnas.se\/en\/referens\/smartare-och-sakrare-transporter-for-alo\/","title":{"rendered":"Smarter and safer transport for \u00c5l\u00f6"},"content":{"rendered":"<p>Tegsn\u00e4s Emballage and \u00c5l\u00f6 have worked together for many years.<br \/>\n\u2013 I think we have had them as a supplier of packaging for almost 20 years, says Per Gustafsson, production engineer at \u00c5l\u00f6.<\/p>\n<p>\u00c5l\u00f6 buys a variety of products. Besides a large number of pallets in different sizes and other packaging components, the main item is a special packaging that protects the front loaders, makes them stackable and optimises the loading space.<\/p>\n<h2>Customised and stable solutions<\/h2>\n<p>For \u00c5l\u00f6, packaging is an important part of ensuring safe transport.<br \/>\n\u2013 We have heavy and bulky products and the packaging has to be well designed and thought out, have low weight and the right dimensions and properties, Per explains and continues:<\/p>\n<p>\u2013 Packaging protects and stabilises our products during transport. It minimises claims due to impact and paint damage. It also allows us to pack and transport smarter and more efficiently, which is important, for example, when loading and filling containers for export.<\/p>\n<p>Safe transport and protective packaging leads to higher customer satisfaction, better delivery reliability, but is also a sustainability issue, says Per.<br \/>\n\u2013 It is an environmental aspect that we use wood as the main material, that the packaging is produced locally and that its design contributes to efficient transport.<\/p>\n<h3>Close co-operation<\/h3>\n<p>Developing \u00c5l\u00f6s packaging solutions is based on close collaboration.<br \/>\n\u2013 We have a friendly co-operation and feel that \u00c5l\u00f6 has great confidence in us. We listen to each other, discuss ideas and solutions on an ongoing basis and think long-term,\" says Peter Ahlenius, site manager at Tegsn\u00e4s Packaging.<\/p>\n<p>Per Gustafsson agrees:<br \/>\n\u2013 Tegsn\u00e4s Packaging meets our expectations and produces high quality packaging. We have a good relationship, they are a good at listening and often provide feedback and suggestions. They are not just a supplier that we order from, we also benefit from each other's knowledge and experience, which is a great added value!<\/p>","protected":false},"excerpt":{"rendered":"<p>\u00c5l\u00f6 in Br\u00e4nnland outside Ume\u00e5 is one of the world's leading manufacturers of front loaders and one of Tegsn\u00e4s Packaging's customers. Every day, products from \u00c5l\u00f6 are sent all over the world with packaging manufactured in Vindeln or Tegsn\u00e4s.<\/p>","protected":false},"featured_media":1178,"parent":0,"template":"","categories":[6],"class_list":["post-1200","referens","type-referens","status-publish","has-post-thumbnail","hentry","category-tegsnas-emballage"],"acf":[],"_links":{"self":[{"href":"https:\/\/tegsnas.se\/en\/wp-json\/wp\/v2\/referens\/1200","targetHints":{"allow":["GET"]}}],"collection":[{"href":"https:\/\/tegsnas.se\/en\/wp-json\/wp\/v2\/referens"}],"about":[{"href":"https:\/\/tegsnas.se\/en\/wp-json\/wp\/v2\/types\/referens"}],"wp:featuredmedia":[{"embeddable":true,"href":"https:\/\/tegsnas.se\/en\/wp-json\/wp\/v2\/media\/1178"}],"wp:attachment":[{"href":"https:\/\/tegsnas.se\/en\/wp-json\/wp\/v2\/media?parent=1200"}],"wp:term":[{"taxonomy":"category","embeddable":true,"href":"https:\/\/tegsnas.se\/en\/wp-json\/wp\/v2\/categories?post=1200"}],"curies":[{"name":"wp","href":"https:\/\/api.w.org\/{rel}","templated":true}]}}

Smarter and safer transport for Ålö

<p>Tegsnäs Emballage and Ålö have worked together for many years.<br />
– I think we have had them as a supplier of packaging for almost 20 years, says Per Gustafsson, production engineer at Ålö.</p>
<p>Ålö buys a variety of products. Besides a large number of pallets in different sizes and other packaging components, the main item is a special packaging that protects the front loaders, makes them stackable and optimises the loading space.</p>
<h2>Customised and stable solutions</h2>
<p>For Ålö, packaging is an important part of ensuring safe transport.<br />
– We have heavy and bulky products and the packaging has to be well designed and thought out, have low weight and the right dimensions and properties, Per explains and continues:</p>
<p>– Packaging protects and stabilises our products during transport. It minimises claims due to impact and paint damage. It also allows us to pack and transport smarter and more efficiently, which is important, for example, when loading and filling containers for export.</p>
<p>Safe transport and protective packaging leads to higher customer satisfaction, better delivery reliability, but is also a sustainability issue, says Per.<br />
– It is an environmental aspect that we use wood as the main material, that the packaging is produced locally and that its design contributes to efficient transport.</p>
<h3>Close co-operation</h3>
<p>Developing Ålös packaging solutions is based on close collaboration.<br />
– We have a friendly co-operation and feel that Ålö has great confidence in us. We listen to each other, discuss ideas and solutions on an ongoing basis and think long-term," says Peter Ahlenius, site manager at Tegsnäs Packaging.</p>
<p>Per Gustafsson agrees:<br />
– Tegsnäs Packaging meets our expectations and produces high quality packaging. We have a good relationship, they are a good at listening and often provide feedback and suggestions. They are not just a supplier that we order from, we also benefit from each other's knowledge and experience, which is a great added value!</p>

<p>Ålö in Brännland outside Umeå is one of the world's leading manufacturers of front loaders and one of Tegsnäs Packaging's customers. Every day, products from Ålö are sent all over the world with packaging manufactured in Vindeln or Tegsnäs.</p>
